 n. Suppose 0 = 22*o - 15*o - i. List the prime factors of o.
2, 499
Let x(y) = 3*y**3 + 9*y**2 - 11*y + 41. What are the prime factors of x(6)?
947
Let q = 24879 - -24056. List the prime factors of q.
5, 9787
Suppose 42*d - 2068272 = -192090. What are the prime factors of d?
11, 31, 131
Let d = 40 - 42. What are the prime factors of (-52038)/(-36) + (-2)/(6 + d)?
5, 17
Let x(w) = 14*w**2 + 32*w + 221. What are the prime factors of x(-23)?
3, 2297
Let t(w) = -312*w + 54. Suppose -40 = 4*d - 28. List the prime factors of t(d).
2, 3, 5, 11
Let c = -1584 + 14008. What are the prime factors of c?
2, 1553
Suppose -5*h = -4*l + 3*l + 1, 4*h - 3*l + 3 = 0. Suppose 5*m = g - h*m + 133, -4*g - 5*m - 557 = 0. Let r = g + 297. List the prime factors of r.
3, 53
Let f = -39 + 41. Suppose f*y = -2*y. Suppose 4*v + y*v - 100 = 0. List the prime factors of v.
5
Suppose 102*m - 10190869 = -67*m. List the prime factors of m.
47, 1283
Suppose 0 = 3*b, s - b - 88 = 271. Suppose 0 = 5*d + s - 2174. What are the prime factors of d?
3, 11
Suppose 22 = 3*z + s - 2*s, -3*z - s + 14 = 0. Let f(w) = w**3 + 3*w**2 - 8*w + 31. What are the prime factors of f(z)?
307
Suppose -9*k = -37 - 125. What are the prime factors of (858/(-5))/(k/(-60))?
2, 11, 13
Suppose j + 3*y = -8, -3*y + 0 = 9. List the prime factors of j/18*122 + 16/72.
7
Suppose -2*t + 25880 = l, -l + 2454 = -3*t - 23441. List the prime factors of l.
2, 7, 43
Let s(w) = 3*w + 3. Let d be s(0). Let l be 129/9 - 1/d. Suppose -2*x + l*x = 108. What are the prime factors of x?
3
Let g = -164616 + 239205. List the prime factors of g.
3, 23, 47
Let i = 20035 - 12881. List the prime factors of i.
2, 7, 73
Suppose 21*p - 87029 = 24418. What are the prime factors of p?
3, 29, 61
Suppose -24 - 6 = -10*y. Suppose x - 4*x - y*t = -1044, 5*t = 5*x - 1790. List the prime factors of x.
353
Let q be ((-5)/(-2 + -3))/1. Let f(n) = 40*n**3 + 2*n**2 - n. Let r be f(q). Let h = -29 + r. What are the prime factors of h?
2, 3
Let a(k) = k**3 + 11*k**2 - 13*k - 6. Let n be a(-12). Suppose 3*z = 18 - n. Suppose 0 = -z*p + 3*p + 11. List the prime factors of p.
11
Let a(w) = -6*w + 78. Let l(h) = -5*h + 78. Let c(o) = -4*a(o) + 5*l(o). What are the prime factors of c(-14)?
2, 23
Let y be (1 + -160)*-1 + -3. Suppose -t + y = -5*t. Let p = t + 98. What are the prime factors of p?
59
Let u = 8385 + 1154. List the prime factors of u.
9539
Let z be (1141/(-14))/((-2)/12). Let m = 1200 - z. List the prime factors of m.
3, 79
Let b = -46305 - -77969. What are the prime factors of b?
2, 1979
Suppose 51*h + 42*h - 59940 = 78*h. List the prime factors of h.
2, 3, 37
Suppose 26*b - 51972 = 47*b - 27*b. What are the prime factors of b?
2, 61, 71
Let a(r) = 72*r**2 - 110*r + 1623. What are the prime factors of a(17)?
29, 709
Suppose 2161*f = 4*s + 2158*f - 33083, 5*f = -5*s + 41310. List the prime factors of s.
7, 1181
Suppose 25 - 1 = -4*g. Let q(p) = -23*p + p - 33 - 6*p. List the prime factors of q(g).
3, 5
Let c = -152 + 40. Let l(s) = 94*s + 207. Let g be l(-5). Let v = c - g. What are the prime factors of v?
151
Let x be (-2 + 1)*(-12 + 11). Let f(i) = 1223*i**2 + 6*i - 5. List the prime factors of f(x).
2, 3, 17
Let o be 18/(-12)*(-6 + 0 + 2). What are the prime factors of 2780/o - 53/159?
463
Suppose 0 = -3*l + 2*l + 1047. What are the prime factors of l?
3, 349
Let p(r) = 8 + 29*r - 3*r - 17. Let q(z) = z**2 + 2*z - 42. Let v be q(-8). What are the prime factors of p(v)?
3, 7
Let a = -1643 - -11272. What are the prime factors of a?
9629
Let y(h) = -6*h**3 + 36*h**2 + 1768*h + 34. What are the prime factors of y(-25)?
2, 3, 6007
Let f(z) = 160*z + 141. Let u be f(7). Suppose -4*b + m = -u - 1863, -3*m = -2*b + 1562. List the prime factors of b.
11, 71
Let t = -573 - -573. Suppose t = 25*g - 24686 - 8289. List the prime factors of g.
1319
Let r(x) = -14440*x - 34. What are the prime factors of r(-1)?
2, 3, 7
Let u be 11 - 3 - 34260/(-15). Let n = u + -1374. List the prime factors of n.
2, 3, 17
Let f(x) = 5*x**3 - 13*x**2 + 5*x - 4. Let r(c) = c**3 - c**2 - c + 1. Let k(a) = -f(a) + 4*r(a). Suppose 16*w = -53 + 149. What are the prime factors of k(w)?
2, 31
List the prime factors of (-9 + 4486 + -10)/1.
3, 1489
Let b(i) = 31*i - 7. Let d(k) = -31*k + 7. Let g(w) = 4*b(w) + 3*d(w). Let y be g(2). Let n = y + 42. List the prime factors of n.
97
Let l = 165 - 34. Suppose 4*v + l = 35. What are the prime factors of (v/(-30))/((-2)/(-60))?
2, 3
Let y be 68/442 - (-30494)/26. Let j = 1818 - y. List the prime factors of j.
3, 5, 43
Let w(m) = 22*m - 103. Let t be w(18). Let l(r) = -3*r - 5. Let k be l(18). Let c = k + t. List the prime factors of c.
2, 3, 13
Let j(q) = -2*q**3 + 12*q**2 + 57*q + 407. What are the prime factors of j(-18)?
109, 137
Let z be 5/(20/666)*6/9. List the prime factors of z/148*612/1.
3, 17
Suppose -7046206 - 3082059 = -329*t. What are the prime factors of t?
5, 47, 131
What are the prime factors of 936/(-91) - -10 - 2452/(-7)?
2, 5, 7
Suppose -3*n = 5*t - 7815, 2*t - 2055 = n + 1082. Suppose 9*y - t = 2619. What are the prime factors of y?
3, 5, 31
List the prime factors of 17465 - (16/(-36) - (-1066)/(-234)).
2, 5, 1747
Let b(o) be the second derivative of o**4 - 25*o**3/6 - 27*o**2/2 - 42*o. Let i(x) be the first derivative of b(x). List the prime factors of i(11).
239
Suppose 2*w - w = 0. Suppose w = -3*v + 5*v - 26. Let q = -4 + v. List the prime factors of q.
3
Let s be (-2)/(19*2/(-40) + 1). Let d be (-6)/(-15)*(s + 0/1). Let a(t) = -t**3 - 17*t**2 - 19*t + 9. List the prime factors of a(d).
3, 19
Let v be (-6 - 219)*(1 - 2). Suppose -s - 4*i - 59 = 0, -2*s - 5*i = 2*s + v. Let m = 20 - s. What are the prime factors of m?
3, 5
Let p = 261 - -1309. Suppose -24*l = -23*l - p. List the prime factors of (6/12)/(5/l).
157
Let r = 18003 - 9908. List the prime factors of r.
5, 1619
Let f(s) be the first derivative of 22*s**3/3 + 11*s**2/2 - 9*s - 142. List the prime factors of f(-5).
2, 3
Let j be ((-7)/2 + 3)/((-1)/(-8)). Let r be (-68)/12 + 4 + j/(-6). What are the prime factors of 48/(r/1 + 2)?
2, 3
Let o = 27 - 22. Suppose 0 = -o*u - 10, 2*u = -2*p - 0*u + 96. What are the prime factors of (-5)/(p/(-816)) - (-15)/(-25)?
3
Suppose -9*y + 23180 + 12946 = 0. Suppose -23*u + 14*u = -y. What are the prime factors of u?
2, 223
Let k(p) = 501*p - 515. What are the prime factors of k(22)?
7, 19, 79
Let u(d) be the first derivative of d**3/3 - 5*d**2 + 27*d - 74. What are the prime factors of u(26)?
443
Suppose 9*q - 174 = 10*q. Let d = q - -194. List the prime factors of d.
2, 5
Suppose 422*x - 388*x - 144466 = 0. List the prime factors of x.
7, 607
Suppose 0 = 54*h - 36*h - 19782. Let y = -92 + h. List the prime factors of y.
19, 53
Let x(f) = 3*f**2 - 19*f + 24. Let n = -62 + 75. Let s be x(n). Let w = s + -132. What are the prime factors of w?
2, 19
Suppose -437*m - 24 = -440*m. Let l be (-186)/(-14) + 4/(-14). Suppose l*n = m*n + 285. List the prime factors of n.
3, 19
Suppose -2*o + 50 + 36 = 0. Let n = -62 + 82. Let j = o - n. What are the prime factors of j?
23
List the prime factors of 3/(-33) - (-3920960)/352 - 8.
11131
Let a = -4748 - -5006. What are the prime factors of a?
2, 3, 43
Suppose -258*v = -142*v - 1944972. List the prime factors of v.
3, 23
Suppose x + 6*q - 2062 = 2*q, -2*x + 4088 = -q. What are the prime factors of x?
2, 3, 11, 31
Let v(t) = t**2 - 6*t - 9. Let k be v(7). Let s(g) = 4*g**3 + 2. Let d be s(k). Let y = d - -80. List the prime factors of y.
2, 5
Let m be 2904/(0 - -3) + (-14)/(-7). Let s = m - 508. List the prime factors of s.
2, 3, 7, 11
Suppose 0 = 4*d + 4*w, -5*d - 7*w = -3*w - 4. Suppose -4*l - 2*m + 466 = -0*m, -d*l - 5*m + 481 = 0. Suppose -10*s - l = -824. What are the prime factors of s?
71
Let i = 99 + -89. List the prime factors of i + 1005 + (5 - 2) - 5.
1013
Let h = -271 - -275. Suppose 0 = -2*m - 4*i + 9*i + 620, h*m - 3*i - 1240 = 0. What are the prime factors of m?
2, 5, 31
Suppose 614108 = 381*b - 364*b. What are the prime factors of b?
2, 11, 821
Let g(y) = -y**3 + 4*y**2 + 15*y + 17. Let a be g(6). Suppose a*z = 30330 - 3030. What are the prime factors of z?
2, 3, 5, 13
Let m(t) = -t**3 - 7*t**2 - 7*t - 38. Let c be m(-7). Suppose 393 = -c*z - 2522. Let a = z + 431. 